. Calculate g(-48).
21
Let s(w) = 1866*w - 20675. Determine s(11).
-149
Let m(t) = 410*t + 42824. What is m(-103)?
594
Let q(v) = 15*v**2 - 310*v + 2285. Give q(8).
765
Let h(c) = 5735*c - 315387. Calculate h(55).
38
Let w(t) = t**3 - 52*t**2 - 628*t + 347. Determine w(62).
-149
Let f(q) = -5*q**3 + 1500*q**2 - 117*q + 34996. Give f(300).
-104
Let k(x) = 2*x**2 - 465*x + 17256. Calculate k(186).
-42
Let t(h) = -39501*h - 4582123. Give t(-116).
-7
Let h(l) = 15133*l + 211742. Determine h(-14).
-120
Let r(f) = 749*f + 3226. Determine r(-9).
-3515
Let k(n) = 22357*n + 4650129. What is k(-208)?
-127
Let k(g) = -2*g**3 + 44*g**2 + 130*g - 18. Calculate k(25).
-518
Let z(w) = -w**2 + 37609*w - 4685506. Calculate z(125).
-6
Let i(b) = b**3 - 8*b**2 + 1711*b - 15485. What is i(9)?
-5
Let z(f) = -2*f**3 + 82*f**2 + 562*f + 144. Give z(47).
50
Let q(c) = -375*c**2 - 206625*c + 11. Calculate q(-551).
11
Let h(s) = 45539*s + 546475. Calculate h(-12).
7
Let f(v) = 2*v**3 + 44*v**2 - 402*v - 9822. Calculate f(-18).
6
Let m(y) = 15*y**2 - 1415*y + 1414. What is m(1)?
14
Let n(j) = -j**3 - 3*j**2 - 2294*j - 6890. Determine n(-3).
-8
Let h(d) = -d**2 + 2082*d - 979431. Determine h(718).
-79
Let n(m) = -146*m - 18116. Determine n(-124).
-12
Let f(y) = 111807*y + 1118064. What is f(-10)?
-6
Let f(c) = 2*c**2 + 2049*c - 39202. Determine f(19).
451
Let l(g) = g**3 - g**2 + 570*g - 1729. Give l(3).
-1
Let t(y) = -2*y**3 - 412*y**2 + 419*y + 2. What is t(1)?
7
Let g(i) = i**3 - 26*i**2 + 44*i - 185. What is g(21)?
-1466
Let l(j) = 4181*j + 171443. What is l(-41)?
22
Let u(l) = -6*l**3 - 179*l**2 - 227*l + 26. Calculate u(-29).
2404
Let x(z) = -2*z**3 + 323*z**2 - 2050*z + 358345. Give x(162).
1
Let j(b) = b**3 + 24*b**2 + 140*b + 3519. Give j(-24).
159
Let l(u) = u**2 - 22719*u + 227092. Give l(10).
2
Let i(n) = -100*n + 17102. Calculate i(171).
2
Let b(k) = -11*k**3 - 585*k**2 - 100*k + 3. What is b(-53)?
-315
Let y(t) = t**2 + 920360*t + 1840721. Calculate y(-2).
5
Let f(b) = -b**3 - 422*b**2 + 40745*b + 1004. Give f(-503).
-2
Let h(g) = -257*g**2 + 137245*g - 3770. What is h(534)?
-32
Let n(v) = 7570*v - 3535198. Determine n(467).
-8
Let k(n) = n**3 + 133*n**2 - 415*n + 20. Give k(-136).
972
Let v(i) = -i**2 - 343*i - 27359. What is v(-124)?
-203
Let b(f) = 1249*f - 22591. Determine b(18).
-109
Let l(k) = -143*k + 21857. Determine l(153).
-22
Let v(a) = -a**3 + 261*a**2 + 524*a - 9. Give v(-2).
-5
Let k(x) = -666*x**2 + 23309*x + 52. Determine k(35).
17
Let x(f) = 6*f**3 - 46*f**2 - 32*f + 3. Calculate x(8).
-125
Let y(f) = 75534*f - 1434993. Give y(19).
153
Let a(q) = -223086*q + 4907888. Give a(22).
-4
Let f(v) = 725*v**3 + v**2 + 71*v + 70. Calculate f(-1).
-725
Let h(l) = 134*l**2 + 16198*l - 1927. Calculate h(-121).
9
Let g(z) = -z**3 - 99*z**2 + 856*z - 3. Determine g(-107).
-3
Let w(v) = -2*v**2 - 824*v + 19114. Determine w(-434).
18
Let z(o) = -125104*o + 10. What is z(0)?
10
Let w(c) = c**3 - 41*c**2 + 1878*c - 84459. Calculate w(43).
-7
Let g(s) = 917403*s - 13761077. Give g(15).
-32
Let v(b) = -b**2 - 593*b - 82806. Determine v(-225).
-6
Let m(x) = 21*x**2 - 2300*x + 2849. What is m(108)?
-607
Let t(o) = 7848*o + 108357. Determine t(-14).
-1515
Let h(x) = -884*x + 16196. What is h(17)?
1168
Let m(q) = 3*q**3 - 104*q**2 - 259*q - 95. Give m(37).
-95
Let j(a) = -6687*a - 1257150. What is j(-188)?
6
Let y(f) = 3*f**3 - 8*f**2 + 3*f - 24. Give y(4).
52
Let z(t) = 1131*t + 15508. Determine z(-14).
-326
Let m(g) = 2*g**3 + 50*g**2 + 268*g + 1594. What is m(-20)?
234
Let n(t) = 530*t + 13186. What is n(-24)?
466
Let y(b) = 9*b**2 - 399*b + 119. Determine y(46).
809
Let g(d) = -18429*d + 2027175. Calculate g(110).
-15
Let z(w) = -2*w**2 - 450*w + 3767. Give z(8).
39
Let z(p) = -p**2 - 12347*p + 173038. Calculate z(14).
-16
Let j(d) = 42*d - 2636. Calculate j(18).
-1880
Let n(c) = 2*c**3 - 311*c**2 + 4221*c - 62. Give n(15).
28
Let r(y) = -402*y - 22099. What is r(-56)?
413
Let l(t) = 4*t**2 - 3337*t + 9973. Determine l(3).
-2
Let o(k) = 128*k**2 + 69*k + 66. Give o(-4).
1838
Let l(k) = 285*k + 68728. Determine l(-238).
898
Let c(w) = w**3 + 198*w**2 - 1696*w - 138241. Calculate c(-203).
2
Let h(q) = 62498*q - 437494. Give h(7).
-8
Let a(d) = 324*d + 13581. Determine a(-71).
-9423
Let c(o) = -69*o**3 - 424*o**2 - 37*o + 68. What is c(-6)?
-70
Let t(q) = 191*q**2 - 54*q + 18. Give t(-1).
263
Let i(j) = 418612*j + 41861200. Give i(-100).
0
Let i(d) = 37*d**2 - 1534*d - 16807. Give i(-9).
-4
Let b(g) = -g**3 - 293*g**2 + 280*g - 4244. Determine b(-294).
-128
Let d(u) = 1794*u - 200948. What is d(112)?
-20
Let d(p) = 2*p**3 + 163*p**2 + 526*p - 380. Calculate d(-78).
1180
Let q(u) = -u**3 + 56*u**2 + 258*u - 10671. Determine q(57).
786
Let h(r) = -r**3 + 26*r**2 + 88*r - 2913. Determine h(16).
1055
Let j(z) = -572*z + 6566. Give j(11).
274
Let c(n) = -n**3 - 9*n**2 + 56*n + 321. What is c(-13)?
269
Let d(q) = -4*q**2 + 2698*q + 16221. Calculate d(-6).
-111
Let o(v) = v**2 + 68596*v + 274365. Determine o(-4).
-3
Let g(c) = c**3 + 70*c**2 - 1174*c - 314. Give g(-84).
-482
Let a(z) = 3*z**2 - 2237*z + 173631. Calculate a(88).
7
Let x(d) = -4*d**3 - 1951*d**2 + 528*d + 19541. Give x(-488).
21
Let a(t) = 3*t**2 + 529*t + 676. Determine a(-170).
-2554
Let u(q) = -q**3 - 78*q**2 - 1541*q - 1023. Calculate u(-36).
21
Let q(w) = -w**3 - 156*w**2 + 3520*w - 10. Calculate q(-176).
-10
Let n(d) = 1512*d + 21848. What is n(-14)?
680
Let x(z) = -3*z**3 - z**2 + 62*z - 306. Give x(6).
-618
Let c(t) = -2614*t + 128115. What is c(49)?
29
Let n(w) = 678*w**2 - 52888*w + 271. What is n(78)?
-41
Let r(p) = -12967*p + 4097566. Calculate r(316).
-6
Let d(m) = -9519*m + 1998995. Calculate d(210).
5
Let m(s) = -s**2 - 959*s + 10818. Determine m(11).
148
Let y(f) = 147*f + 17218. What is y(-112)?
754
Let p(b) = -9*b**2 + 1648*b - 8014. What is p(5)?
1
Let l(a) = -a**3 - 33*a**2 - 284*a - 3258. Determine l(-27).
36
Let g(o) = -7*o**3 + o**2 + 278*o - 2592. What is g(9)?
-5112
Let o(u) = -2*u**2 + 207*u + 57. Calculate o(104).
-47
Let o(g) = -2*g**2 - 336*g + 221195. Calculate o(259).
9
Let s(p) = p**2 + 417*p - 1648. What is s(4)?
36
Let d(h) = -h**3 - 53*h**2 + 426*h + 516. Determine d(-60).
156
Let r(i) = -23*i**2 - 709*i + 209. Calculate r(-30).
779
Let l(x) = -14920*x - 8086634. Give l(-542).
6
Let y(x) = 969*x + 11945. What is y(-13)?
-652
Let f(x) = 4*x**3 - 24*x**2 + 330*x - 1618. Determine f(5).
-68
Let m(z) = 137*z + 129. Calculate m(9).
1362
Let j(d) = -10287*d - 1902832. Determine j(-185).
263
Let v(o) = -15885*o - 1937969. Give v(-122).
1
Let k(t) = -59*t - 25789. Determine k(-437).
-6
Let x(m) = -m**3 + 99*m**2 + 20523*m + 2150. What is x(-102)?
8
Let x(t) = 49*t**3 - 8*t**2 + 62*t - 168. Calculate x(4).
3088
Let p(w) = -14*w**2 - 512*w - 3013. Give p(-6).
-445
Let o(i) = 4937*i + 10309. What is o(-2)?
435
Let n(s) = 3*s**3 + 3992*s**2 + 127203*s - 1297. Give n(-1298).
1
Let o(k) = 428*k**2 - 2135*k - 144. Determine o(5).
-119
Let d(s) = -194*s - 10842. Give d(-54).
-366
Let w(h) = -1438*h + 80612. What is w(56)?
84
Let p(y) = -3*y**2 - 24771*y - 148536. What is p(-6)?
-18
Let u(x) = -x**2 - 553*x - 39340. Give u(-469).
56
Let b(y) = -8*y**2 + 82*y - 145. Determine b(20).
-1705
Let b(u) = -2*u**2 - 882*u + 41810. Calculate b(43).
186
Let s(w) = 3196503*w - 31965020. Calculate s(10).
10
Let a(x) = 2*x**3 + 20*x**2 + 5183*x + 46523. Give a(-9).
38
Let j(v) = 18*v**2 + 874*v + 356. Determine j(-48).
-124
Let k(c) = 6514*c + 123223. Calculate k(-19).
-543
Let y(g) = -g**3 + 11*g**2 - 1068*g - 4510. What is y(-4)?
2
Let v(p) = -8963*p + 107551. Calculate v(12).
-5
Let v(k) = 4*k**2 - 1223*k + 87667. What is v(191)?
-2
Let m(b) = -286*b + 5476. Calculate m(19).
42
Let b(v) = -133*v**2 + 2798*v - 40. Give b(21).
65
Let p(m) = 5*m**2 - 472*m - 143387. What is p(223)?
2
Let y(g) = -2*g**3 - 6*g**2 + 8*g + 10. Give y(-5).
70
Let q(x) = 63*x**2 + 1886*x - 9297. Calculate q(5).
1708
Let n(r) = 2*r**3 + 13*r**2 - 60*r - 255. Give n(-11).
-684
Let y(w) = w**3 - 99*w**2 + 1097*w + 60. What is y(13)?
-213
Let g(w) = -2*w**2 + 347*w - 11335. Calculate g(130).
-25
Let j(i) = -574*i + 41257. Calculate j(72).
-71
Let m(y) = -38*y**3 + 14*y**2 + 7*y - 10. Determine m(-4).
2618
Let k(n) = 151*n